e
Let o = 157 + -154. Is o/((-3)/2 - (-26145)/17410) prime?
True
Let i(v) = -38*v**3 - 3*v**2 - 84*v - 92. Is i(-9) a composite number?
False
Let u(f) = 24015*f**3 + 11*f**2 - 29*f + 121. Is u(4) a prime number?
True
Is 4/16*(-8 + 570796) a prime number?
True
Suppose -2*q - 15 = -3*t, t - 3*q = -4 + 2. Suppose 4*x - 3*u = 29, 4*x + 2*u = 7 + t. Suppose 0 = -2*f - 4*o + 2714, 0*o = -f - x*o + 1351. Is f prime?
True
Let n be (-3 - 1)*(-9 - (2 - 1)). Let o = n - 36. Suppose -o*v + 2520 = -2164. Is v a prime number?
True
Let d = -16261 - -27732. Is d a prime number?
True
Let o(y) = 14*y + 245. Let i be o(-17). Suppose 4262 = -i*a + 21475. Is a a prime number?
True
Suppose 3*q + 5 = 17. Suppose 153018 = 14*l + q*l. Is l composite?
False
Let j(o) = -o**3 - 7*o**2 - 7*o - 4. Let i be j(-10). Let n = i + -642. Let d = -25 - n. Is d composite?
False
Let h(k) = 95*k**2 + 44*k + 2171. Is h(-40) a composite number?
True
Let m(i) = -2872*i + 48. Let y be m(-9). Suppose 5*u - g = y + 51494, 0 = -u - 3*g + 15494. Is u a composite number?
True
Suppose -u + 5*g + 1266 = 0, -102 = u - 3*g - 1366. Suppose 212 - u = -b. Is b composite?
False
Let p = -473673 + 676222. Is p a composite number?
False
Suppose -f = -52*f + 70074. Suppose -1379*o = -f*o - 60715. Is o a prime number?
True
Let c be ((-16)/(-20))/4 + 939/5. Suppose 0*d - 470 = 5*m + d, 2*m + d + c = 0. Let o = -41 - m. Is o composite?
False
Let p be ((-1)/(-1) + (0 - -3042))*11. Suppose 12*g = 23*g - p. Is g a composite number?
True
Let f be (-5 - 1/1)*(-26)/(-78). Is (f/(40/4645))/(1/(-12)) composite?
True
Let g(x) be the third derivative of 0*x + 475/12*x**4 - 14*x**2 + 0 - 1/2*x**3. Is g(1) composite?
False
Let u be (1*-79)/((-68250)/(-6204) - 11). Is (u/33)/1*(-6)/4 composite?
True
Let j(s) = -3*s - 17420*s**2 + 17499*s**2 - 26 - 1. Is j(-10) composite?
True
Is 1/(-8 + 46317654/5938155 + (-2)/(-10)) prime?
True
Suppose 48*p = 925135 + 2059169. Is p a prime number?
False
Suppose -t - j = -41100, -2*t + 3*j - 22002 = -104197. Is t a composite number?
True
Let v be -4 + 0 + 2 + -2. Suppose -748*t + 754*t + 6 = 0. Is t/(v/3812 - 0) a composite number?
False
Suppose -141392 - 80263 = 21*y. Let t = y + 18552. Is t prime?
False
Let k be 1/(5 + 61/(-12)). Is 25837/2*k/(-14) a prime number?
False
Let l(r) be the third derivative of r**5/60 - r**4/12 - 10*r**3/3 - 21*r**2. Let f be l(6). Suppose -f*p = -d + 141 + 270, -2*d + 5*p + 828 = 0. Is d composite?
False
Let j = 322 - 1618. Let a = j + 5043. Is a composite?
True
Let s(j) be the third derivative of -487*j**4/6 + 47*j**3/6 - 18*j**2 - 4. Is s(-2) a prime number?
True
Let w = 1121118 + -669567. Is w a composite number?
True
Let c(u) = 23*u**2 - u. Let g be c(-1). Suppose 1539 = -23*r + g*r. Let p = 3458 - r. Is p a composite number?
True
Let s(r) = 5160*r**2 + 47*r - 124. Is s(5) a composite number?
True
Let t be ((-8)/4)/((-2)/44). Is (((-56552)/10)/2)/(t/(-110)) a composite number?
False
Is (417076 - (14 + -4)) + 13 prime?
False
Let g be -15*2/(-3)*1. Suppose -2 - g = 2*n. Is 1212/9 - (-4)/n a composite number?
True
Let i(z) = -2*z**2 - 7*z - 3. Let s be i(-2). Suppose s*l - 2042 = 8329. Is l a composite number?
False
Let k(j) be the second derivative of j**7/1260 - j**6/240 + 631*j**5/120 - 2*j**4/3 + 12*j. Let i(s) be the third derivative of k(s). Is i(0) prime?
True
Suppose 15 = t - 2*m, 36 = 3*t - 2*m + 11. Suppose 0 = t*s + 13*s - 60462. Is s a prime number?
True
Let l(s) = -21937*s - 118. Is l(-3) a prime number?
False
Suppose 2*z = -x + 7685, z = 4*z - 5*x - 11560. Suppose -2*s + 5*i = -z - 32587, 0 = 5*i - 10. Suppose 13*b - s = -528. Is b prime?
True
Suppose 4794 = -3*n - 2565. Let i = n + 4650. Suppose -f - 12*f = -i. Is f prime?
False
Let g(i) = -2*i**3 - 19*i**2 + 170*i - 86. Is g(-45) prime?
False
Let k(g) = 171*g**2 - 10*g - 1. Let w(s) = -s**2 + 18*s - 19. Let m be w(17). Is k(m) composite?
True
Let h(o) = o + 2105. Let g be h(0). Let p = 462 - 459. Suppose -588 = -p*q - 2*f + g, 875 = q - 5*f. Is q prime?
False
Let m(z) = -2*z**3 + 2*z**2 + 1562. Let r be m(0). Suppose 12*d = 7906 + r. Is d a prime number?
False
Let u = -53 + 55. Let j be 1/u*(-2 + 0)*1086. Let b = 1993 + j. Is b a composite number?
False
Let b be (-621 + 3)/(1/3*3). Let s be (0 - 1)/(6/b). Let f = s + 42. Is f a prime number?
False
Let h(l) = -l**3 - 5*l**2 + 3*l - 4. Let p be h(-6). Let i(r) = 420*r**3 + r**2 + 13 - p + 3*r**2 + r - 5*r**2. Is i(1) composite?
False
Let j = -34 + 39. Suppose -j*y + 3*x + 544 = 0, 2*x - x - 425 = -4*y. Let z = 984 - y. Is z composite?
False
Suppose 2*t + 17 = 4*v + v, -t + v = 1. Suppose -d = t*h - 5*d - 5468, 0 = -5*h - d + 6811. Is h prime?
False
Let g(r) = r**2 + 9*r - 26. Let c be g(-14). Suppose -m = 5*a - 4, 2*m - m - 5*a = c. Let z = 167 + m. Is z prime?
True
Suppose 25 - 5 = 4*s. Let k be 1 + s + 6/(-3) + -1. Let c(u) = 184*u**2 - u + 4. Is c(k) a composite number?
False
Suppose 774*h = 779*h - 301730. Suppose 20*x + 6*x = h. Is x a prime number?
False
Let d be (-20)/5 - (0 + -1). Let h be -2 - d - (2 - 1). Suppose h = 5*v - 3308 + 823. Is v prime?
False
Let o be (384/(-28) - -14) + 60/(-14). Is ((-5444362)/(-385))/(o/(-10)) a composite number?
False
Suppose 4*h - 335942 = -5*z + 11107, 5*h - 433845 = 5*z. Let r = h - 52739. Is r composite?
True
Suppose -2*p = 14*p + 48. Is ((-71802)/36)/(p/6) a composite number?
False
Let n = 289 - 292. Is (-8 + 6617)*(-1)/n a prime number?
True
Suppose -a + 5*a - i - 8 = 0, -3*i = -a - 9. Let n be a*-3*2/3. Is (-15)/9 + 1 + (-9190)/n composite?
False
Suppose 5*r - 346 - 11254 = 0. Let c = 3291 - r. Is c composite?
False
Let j be 0/1 + 3 - (1 + -3). Suppose 0 = -j*y + g + 1335, -256 = -y - 5*g + 11. Let n = 1634 + y. Is n a prime number?
True
Let r = 227007 + 25730. Is r a composite number?
False
Suppose 2*z - 118199 = -3*o + 129750, -5*o + 413265 = -5*z. Is o composite?
False
Suppose 2*c + 23890 = -44462. Let f = -21349 - c. Is f a prime number?
False
Let r = -524145 - -1021282. Is r prime?
True
Let d be (-15 - -1)*391/34. Let l = 868 + d. Is l composite?
True
Let i be 2 - 97*(-2)/(-2). Let h = -909 + 627. Let j = i - h. Is j composite?
True
Let u(g) be the third derivative of -g**6/120 - g**5/30 + 12979*g**3/6 + 6*g**2 + 5. Is u(0) a composite number?
False
Let g be (-9)/15 - (-168)/(-20). Let w be 13638/(-14) + g/(-63). Let o = w - -1969. Is o prime?
False
Is (14/(-3) - -4)/(648495/648513 + -1) a composite number?
False
Suppose -138*m + 33980847 + 273668843 = 152*m. Is m composite?
False
Let n(a) = -89*a + 7399 + 73*a - 896. Is n(0) prime?
False
Let d(g) = 7*g**2 + 11. Let j be d(-8). Let z = -67 + 377. Let w = j - z. Is w composite?
False
Is 1/(-4) + (-2050930)/(-56) + (-2)/4 composite?
True
Let d be 1 + 11 + (-2)/1. Suppose 2*w = -2*m + 224 + 778, 5*w = 4*m + 2487. Suppose 11*u = d*u + w. Is u a composite number?
False
Let k(t) = 35*t**2 + 5*t + 4. Let a be k(9). Let r be (-2 - 2) + a + -4. Suppose -2*f = 2*f - r. Is f a composite number?
False
Let n be ((-32)/28 - -4)*(-21)/(-6). Let s be n/(-5)*6073 - -1. Is s/(-3) - ((-70)/(-21))/(-5) a composite number?
False
Let h = -509 + 814. Let f be ((-2)/8)/(2/(-8)). Is 3 - (1 + f*h*-1) a composite number?
False
Let f(d) be the second derivative of -d**5/20 - d**4 - d**3/2 - 14*d**2 + 11*d. Let i be f(-12). Suppose 5*a + 3450 = -2*y + 13187, 2*y + i = 0. Is a composite?
False
Suppose 16650 = 27*d - 12*d. Suppose d = y - 867. Is y a prime number?
False
Let x = 1828612 + -1172283. Is x a prime number?
True
Suppose -2*i + 79 = 57. Suppose 44170 = i*h - 12447. Is h a prime number?
True
Let p(g) = -g**3 - 35*g**2 - 33*g + 37. Let d be p(-34). Suppose -d = -h, 2*u - 6*h - 17003 = -h. Is u composite?
True
Let f(n) = -24*n**3 - 44*n**2 + 38*n + 151. Is f(-17) composite?
False
Suppose -3893*d - 953397 = -3920*d. Is d composite?
False
Let b(p) = 191*p**2 + 421*p + 3361. Is b(-8) a composite number?
True
Suppose -c + 75446 = 5*n + 2*c, -4*n = -5*c - 60379. Suppose 5*p + 29703 = -10537. Let i = p + n. Is i a prime number?
True
Let z(j) = -j**2 + 35*j - 90. Let g be z(32). Is g*7265/(-20)*30/(-9) composite?
True
Let n be ((-4 - 0)/2)/4*-4. Suppose n*x = t, t + t - x - 9 = 0. Suppose -t*o - 698 = -2*j - 2*o, -2*j = -5*o - 696. Is j composite?
False
Let v(g) 